{"id":28137,"date":"2020-01-29T09:58:30","date_gmt":"2020-01-29T06:58:30","guid":{"rendered":"https:\/\/www.sp.k12.tr\/?page_id=28137"},"modified":"2020-04-17T13:46:07","modified_gmt":"2020-04-17T10:46:07","slug":"edtech-educational-techonology","status":"publish","type":"page","link":"https:\/\/www.sp.k12.tr\/fr\/edtech-educational-techonology\/","title":{"rendered":"EdTech (Educational Techonology)"},"content":{"rendered":"<p>[vc_row][vc_column]<div class=\"edgtf-blog-list-holder edgtf-grid-list edgtf-bl-boxed edgtf-one-columns edgtf-disable-bottom-space edgtf-medium-space edgtf-bl-pag-no-pagination\"  data-type=boxed data-number-of-posts=5 data-number-of-columns=one data-space-between-items=medium data-category=edtech-2 data-orderby=date data-order=DESC data-image-size=full data-title-tag=h4 data-excerpt-length=40 data-post-info-section=yes data-post-info-image=yes data-post-info-author=no data-post-info-date=yes data-post-info-category=no data-post-info-comments=no data-post-info-like=no data-post-info-share=no data-pagination-type=no-pagination data-max-num-pages=1 data-next-page=2>\n\t<div class=\"edgtf-bl-wrapper edgtf-outer-space\">\n\t\t<ul class=\"edgtf-blog-list\">\n\t\t\t<li class=\"edgtf-bl-item edgtf-item-space blogLister\">\n\t<div class=\"edgtf-bli-inner\">\n\t\t\n\t<div class=\"edgtf-post-image\">\n\t\t\t\t\t<a itemprop=\"url\" href=\"https:\/\/www.sp.k12.tr\/fr\/byod-bring-your-own-device-reponses-aux-questions-souvent-posees-faq\/\" title=\"BYOD (Bring Your Own Device) : Foire \u00e0 questions\">\n\t\t\t\t\t<img fetchpriority=\"high\" decoding=\"async\" width=\"640\" height=\"320\" src=\"https:\/\/www.sp.k12.tr\/wp-content\/uploads\/2020\/01\/07a496b1cc9f87bd99247b3834ab1b.jpg\" class=\"attachment-full size-full wp-post-image\" alt=\"\" srcset=\"https:\/\/www.sp.k12.tr\/wp-content\/uploads\/2020\/01\/07a496b1cc9f87bd99247b3834ab1b.jpg 640w, https:\/\/www.sp.k12.tr\/wp-content\/uploads\/2020\/01\/07a496b1cc9f87bd99247b3834ab1b-300x150.jpg 300w\" sizes=\"(max-width: 640px) 100vw, 640px\" \/>\t\t\t\t\t<\/a>\n\t\t\t\t\t<\/div>\n        <div class=\"edgtf-bli-content\">\n                            <div class=\"edgtf-bli-info\">\n\t                <div itemprop=\"dateCreated\" class=\"edgtf-post-info-date entry-date published updated\">\n            <a itemprop=\"url\" href=\"https:\/\/www.sp.k12.tr\/fr\/2019\/11\/\">\n    \n        8 novembre 2019        <\/a>\n    <meta itemprop=\"interactionCount\" content=\"UserComments: 0\"\/>\n<\/div>                <\/div>\n            \t\n\t        \n<h4 itemprop=\"name\" class=\"entry-title edgtf-post-title\" >\n            <a itemprop=\"url\" href=\"https:\/\/www.sp.k12.tr\/fr\/byod-bring-your-own-device-reponses-aux-questions-souvent-posees-faq\/\" title=\"BYOD (Bring Your Own Device) : Foire \u00e0 questions\">\n            BYOD (Bring Your Own Device) : Foire \u00e0 questions            <\/a>\n    <\/h4>\t\n\t        <div class=\"edgtf-bli-excerpt\">\n\t\t        Vous pouvez consulter les questions et les r\u00e9ponses sur notre programme \u201c1:1 Laptop\u201d\r\nSi vous ne trouvez pas de r\u00e9ponse \u00e0 votre question dans ce document, nous nous ferons plaisir d\u2019y r\u00e9pondre en nous \u00e9crivant \u00e0 l\u2019adresse \u201claptop@sp.k12.tr\u201d.\t\t        \t<div class=\"edgtf-post-read-more-button\">\n\t\t<a itemprop=\"url\" href=\"https:\/\/www.sp.k12.tr\/fr\/byod-bring-your-own-device-reponses-aux-questions-souvent-posees-faq\/\" target=\"_self\"  class=\"edgtf-btn edgtf-btn-medium edgtf-btn-simple edgtf-blog-list-button\" data-move=\"strict\" data-text=\"en savoir +\" >    <span class=\"edgtf-btn-text\">en savoir +<\/span>    <\/a>\t<\/div>\n\t        <\/div>\n        <\/div>\n\t<\/div>\n<\/li><li class=\"edgtf-bl-item edgtf-item-space blogLister\">\n\t<div class=\"edgtf-bli-inner\">\n\t\t\n\t<div class=\"edgtf-post-image\">\n\t\t\t\t\t<a itemprop=\"url\" href=\"https:\/\/www.sp.k12.tr\/fr\/reglement-dutilisation-des-ordinateurs-personnels\/\" title=\"R\u00e8glement d\u2019utilisation des ordinateurs personnels\">\n\t\t\t\t\t<img decoding=\"async\" width=\"640\" height=\"320\" src=\"https:\/\/www.sp.k12.tr\/wp-content\/uploads\/2020\/01\/c6b3d46af7874c83e1d68960bc50d4.jpg\" class=\"attachment-full size-full wp-post-image\" alt=\"\" srcset=\"https:\/\/www.sp.k12.tr\/wp-content\/uploads\/2020\/01\/c6b3d46af7874c83e1d68960bc50d4.jpg 640w, https:\/\/www.sp.k12.tr\/wp-content\/uploads\/2020\/01\/c6b3d46af7874c83e1d68960bc50d4-300x150.jpg 300w\" sizes=\"(max-width: 640px) 100vw, 640px\" \/>\t\t\t\t\t<\/a>\n\t\t\t\t\t<\/div>\n        <div class=\"edgtf-bli-content\">\n                            <div class=\"edgtf-bli-info\">\n\t                <div itemprop=\"dateCreated\" class=\"edgtf-post-info-date entry-date published updated\">\n            <a itemprop=\"url\" href=\"https:\/\/www.sp.k12.tr\/fr\/2019\/11\/\">\n    \n        8 novembre 2019        <\/a>\n    <meta itemprop=\"interactionCount\" content=\"UserComments: 0\"\/>\n<\/div>                <\/div>\n            \t\n\t        \n<h4 itemprop=\"name\" class=\"entry-title edgtf-post-title\" >\n            <a itemprop=\"url\" href=\"https:\/\/www.sp.k12.tr\/fr\/reglement-dutilisation-des-ordinateurs-personnels\/\" title=\"R\u00e8glement d\u2019utilisation des ordinateurs personnels\">\n            R\u00e8glement d\u2019utilisation des ordinateurs personnels            <\/a>\n    <\/h4>\t\n\t        <div class=\"edgtf-bli-excerpt\">\n\t\t        Voici le r\u00e8glement d\u2019utilisation des ordinateurs du programme \"Bring Your Own Device\" (BYOD).\t\t        \t<div class=\"edgtf-post-read-more-button\">\n\t\t<a itemprop=\"url\" href=\"https:\/\/www.sp.k12.tr\/fr\/reglement-dutilisation-des-ordinateurs-personnels\/\" target=\"_self\"  class=\"edgtf-btn edgtf-btn-medium edgtf-btn-simple edgtf-blog-list-button\" data-move=\"strict\" data-text=\"en savoir +\" >    <span class=\"edgtf-btn-text\">en savoir +<\/span>    <\/a>\t<\/div>\n\t        <\/div>\n        <\/div>\n\t<\/div>\n<\/li><li class=\"edgtf-bl-item edgtf-item-space blogLister\">\n\t<div class=\"edgtf-bli-inner\">\n\t\t\n\t<div class=\"edgtf-post-image\">\n\t\t\t\t\t<a itemprop=\"url\" href=\"https:\/\/www.sp.k12.tr\/fr\/charte-dutilisation-des-outils-numeriques\/\" title=\"Charte d\u2019utilisation des outils num\u00e9riques\">\n\t\t\t\t\t<img decoding=\"async\" width=\"640\" height=\"320\" src=\"https:\/\/www.sp.k12.tr\/wp-content\/uploads\/2020\/01\/d9bfbccb6eeeac5da1caebe5582279.jpg\" class=\"attachment-full size-full wp-post-image\" alt=\"\" srcset=\"https:\/\/www.sp.k12.tr\/wp-content\/uploads\/2020\/01\/d9bfbccb6eeeac5da1caebe5582279.jpg 640w, https:\/\/www.sp.k12.tr\/wp-content\/uploads\/2020\/01\/d9bfbccb6eeeac5da1caebe5582279-300x150.jpg 300w\" sizes=\"(max-width: 640px) 100vw, 640px\" \/>\t\t\t\t\t<\/a>\n\t\t\t\t\t<\/div>\n        <div class=\"edgtf-bli-content\">\n                            <div class=\"edgtf-bli-info\">\n\t                <div itemprop=\"dateCreated\" class=\"edgtf-post-info-date entry-date published updated\">\n            <a itemprop=\"url\" href=\"https:\/\/www.sp.k12.tr\/fr\/2019\/11\/\">\n    \n        8 novembre 2019        <\/a>\n    <meta itemprop=\"interactionCount\" content=\"UserComments: 0\"\/>\n<\/div>                <\/div>\n            \t\n\t        \n<h4 itemprop=\"name\" class=\"entry-title edgtf-post-title\" >\n            <a itemprop=\"url\" href=\"https:\/\/www.sp.k12.tr\/fr\/charte-dutilisation-des-outils-numeriques\/\" title=\"Charte d\u2019utilisation des outils num\u00e9riques\">\n            Charte d\u2019utilisation des outils num\u00e9riques            <\/a>\n    <\/h4>\t\n\t        <div class=\"edgtf-bli-excerpt\">\n\t\t        Afin de pouvoir acc\u00e9der \u00e0 notre r\u00e9seau informatique, l\u2019ensemble de la communaut\u00e9 \u00e9ducative du lyc\u00e9e (direction, professeurs, personnel administratif, \u00e9l\u00e8ves) doit signer une charte. Voici la charte pour les \u00e9l\u00e8ves.\t\t        \t<div class=\"edgtf-post-read-more-button\">\n\t\t<a itemprop=\"url\" href=\"https:\/\/www.sp.k12.tr\/fr\/charte-dutilisation-des-outils-numeriques\/\" target=\"_self\"  class=\"edgtf-btn edgtf-btn-medium edgtf-btn-simple edgtf-blog-list-button\" data-move=\"strict\" data-text=\"en savoir +\" >    <span class=\"edgtf-btn-text\">en savoir +<\/span>    <\/a>\t<\/div>\n\t        <\/div>\n        <\/div>\n\t<\/div>\n<\/li><li class=\"edgtf-bl-item edgtf-item-space blogLister\">\n\t<div class=\"edgtf-bli-inner\">\n\t\t\n\t<div class=\"edgtf-post-image\">\n\t\t\t\t\t<a itemprop=\"url\" href=\"https:\/\/www.sp.k12.tr\/fr\/utilisation-de-lordinateur-dinternet-et-des-medias-sociaux-en-toute-securite\/\" title=\"Utilisation de l\u2019ordinateur, d\u2019internet et des m\u00e9dias sociaux en toute s\u00e9curit\u00e9\">\n\t\t\t\t\t<img loading=\"lazy\" decoding=\"async\" width=\"640\" height=\"320\" src=\"https:\/\/www.sp.k12.tr\/wp-content\/uploads\/2020\/01\/9a7ff0184c1c76fbe41be73ffe9fba.jpg\" class=\"attachment-full size-full wp-post-image\" alt=\"\" srcset=\"https:\/\/www.sp.k12.tr\/wp-content\/uploads\/2020\/01\/9a7ff0184c1c76fbe41be73ffe9fba.jpg 640w, https:\/\/www.sp.k12.tr\/wp-content\/uploads\/2020\/01\/9a7ff0184c1c76fbe41be73ffe9fba-300x150.jpg 300w\" sizes=\"(max-width: 640px) 100vw, 640px\" \/>\t\t\t\t\t<\/a>\n\t\t\t\t\t<\/div>\n        <div class=\"edgtf-bli-content\">\n                            <div class=\"edgtf-bli-info\">\n\t                <div itemprop=\"dateCreated\" class=\"edgtf-post-info-date entry-date published updated\">\n            <a itemprop=\"url\" href=\"https:\/\/www.sp.k12.tr\/fr\/2019\/11\/\">\n    \n        8 novembre 2019        <\/a>\n    <meta itemprop=\"interactionCount\" content=\"UserComments: 0\"\/>\n<\/div>                <\/div>\n            \t\n\t        \n<h4 itemprop=\"name\" class=\"entry-title edgtf-post-title\" >\n            <a itemprop=\"url\" href=\"https:\/\/www.sp.k12.tr\/fr\/utilisation-de-lordinateur-dinternet-et-des-medias-sociaux-en-toute-securite\/\" title=\"Utilisation de l\u2019ordinateur, d\u2019internet et des m\u00e9dias sociaux en toute s\u00e9curit\u00e9\">\n            Utilisation de l\u2019ordinateur, d\u2019internet et des m\u00e9dias sociaux en toute s\u00e9curit\u00e9            <\/a>\n    <\/h4>\t\n\t        <div class=\"edgtf-bli-excerpt\">\n\t\t        Le service d\u2019orientation et de psychologie du Lyc\u00e9e Sainte Pulch\u00e9rie s\u2019est pench\u00e9 sur l\u2019utilisation s\u00e9curis\u00e9 d\u2019Internet et des m\u00e9dias sociaux. En effet, leur utilisation a compl\u00e8tement chang\u00e9 nos vies et continue de les changer. De nos jours, aucun domaine n\u2019\u00e9chappe \u00e0 Internet.\t\t        \t<div class=\"edgtf-post-read-more-button\">\n\t\t<a itemprop=\"url\" href=\"https:\/\/www.sp.k12.tr\/fr\/utilisation-de-lordinateur-dinternet-et-des-medias-sociaux-en-toute-securite\/\" target=\"_self\"  class=\"edgtf-btn edgtf-btn-medium edgtf-btn-simple edgtf-blog-list-button\" data-move=\"strict\" data-text=\"en savoir +\" >    <span class=\"edgtf-btn-text\">en savoir +<\/span>    <\/a>\t<\/div>\n\t        <\/div>\n        <\/div>\n\t<\/div>\n<\/li>\t\t<\/ul>\n\t<\/div>\n\t<\/div>[\/vc_column][\/vc_row]<\/p>\n","protected":false},"excerpt":{"rendered":"<p>[vc_row][vc_column][\/vc_column][\/vc_row]<\/p>\n","protected":false},"author":1,"featured_media":28139,"parent":0,"menu_order":0,"comment_status":"closed","ping_status":"closed","template":"","meta":{"_monsterinsights_skip_tracking":false,"_monsterinsights_sitenote_active":false,"_monsterinsights_sitenote_note":"","_monsterinsights_sitenote_category":0,"footnotes":""},"categories":[],"tags":[],"class_list":["post-28137","page","type-page","status-publish","has-post-thumbnail","hentry"],"_links":{"self":[{"href":"https:\/\/www.sp.k12.tr\/fr\/wp-json\/wp\/v2\/pages\/28137","targetHints":{"allow":["GET"]}}],"collection":[{"href":"https:\/\/www.sp.k12.tr\/fr\/wp-json\/wp\/v2\/pages"}],"about":[{"href":"https:\/\/www.sp.k12.tr\/fr\/wp-json\/wp\/v2\/types\/page"}],"author":[{"embeddable":true,"href":"https:\/\/www.sp.k12.tr\/fr\/wp-json\/wp\/v2\/users\/1"}],"replies":[{"embeddable":true,"href":"https:\/\/www.sp.k12.tr\/fr\/wp-json\/wp\/v2\/comments?post=28137"}],"version-history":[{"count":0,"href":"https:\/\/www.sp.k12.tr\/fr\/wp-json\/wp\/v2\/pages\/28137\/revisions"}],"wp:featuredmedia":[{"embeddable":true,"href":"https:\/\/www.sp.k12.tr\/fr\/wp-json\/wp\/v2\/media\/28139"}],"wp:attachment":[{"href":"https:\/\/www.sp.k12.tr\/fr\/wp-json\/wp\/v2\/media?parent=28137"}],"wp:term":[{"taxonomy":"category","embeddable":true,"href":"https:\/\/www.sp.k12.tr\/fr\/wp-json\/wp\/v2\/categories?post=28137"},{"taxonomy":"post_tag","embeddable":true,"href":"https:\/\/www.sp.k12.tr\/fr\/wp-json\/wp\/v2\/tags?post=28137"}],"curies":[{"name":"wp","href":"https:\/\/api.w.org\/{rel}","templated":true}]}}

<p>[vc_row][vc_column]<div class="edgtf-blog-list-holder edgtf-grid-list edgtf-bl-boxed edgtf-one-columns edgtf-disable-bottom-space edgtf-medium-space edgtf-bl-pag-no-pagination"  data-type=boxed data-number-of-posts=5 data-number-of-columns=one data-space-between-items=medium data-category=edtech-2 data-orderby=date data-order=DESC data-image-size=full data-title-tag=h4 data-excerpt-length=40 data-post-info-section=yes data-post-info-image=yes data-post-info-author=no data-post-info-date=yes data-post-info-category=no data-post-info-comments=no data-post-info-like=no data-post-info-share=no data-pagination-type=no-pagination data-max-num-pages=1 data-next-page=2>
	<div class="edgtf-bl-wrapper edgtf-outer-space">
		<ul class="edgtf-blog-list">
			<li class="edgtf-bl-item edgtf-item-space blogLister">
	<div class="edgtf-bli-inner">
		
	<div class="edgtf-post-image">
					<a itemprop="url" href="https://www.sp.k12.tr/fr/byod-bring-your-own-device-reponses-aux-questions-souvent-posees-faq/" title="BYOD (Bring Your Own Device) : Foire à questions">
					<img fetchpriority="high" decoding="async" width="640" height="320" src="https://www.sp.k12.tr/wp-content/uploads/2020/01/07a496b1cc9f87bd99247b3834ab1b.jpg" class="attachment-full size-full wp-post-image" alt="" srcset="https://www.sp.k12.tr/wp-content/uploads/2020/01/07a496b1cc9f87bd99247b3834ab1b.jpg 640w, https://www.sp.k12.tr/wp-content/uploads/2020/01/07a496b1cc9f87bd99247b3834ab1b-300x150.jpg 300w" sizes="(max-width: 640px) 100vw, 640px" />					</a>
					</div>
        <div class="edgtf-bli-content">
                            <div class="edgtf-bli-info">
	                <div itemprop="dateCreated" class="edgtf-post-info-date entry-date published updated">
            <a itemprop="url" href="https://www.sp.k12.tr/fr/2019/11/">
    
        8 novembre 2019        </a>
    <meta itemprop="interactionCount" content="UserComments: 0"/>
</div>                </div>
            	
	        
<h4 itemprop="name" class="entry-title edgtf-post-title" >
            <a itemprop="url" href="https://www.sp.k12.tr/fr/byod-bring-your-own-device-reponses-aux-questions-souvent-posees-faq/" title="BYOD (Bring Your Own Device) : Foire à questions">
            BYOD (Bring Your Own Device) : Foire à questions            </a>
    </h4>	
	        <div class="edgtf-bli-excerpt">
		        Vous pouvez consulter les questions et les réponses sur notre programme “1:1 Laptop”
Si vous ne trouvez pas de réponse à votre question dans ce document, nous nous ferons plaisir d’y répondre en nous écrivant à l’adresse “laptop@sp.k12.tr”.		        	<div class="edgtf-post-read-more-button">
		<a itemprop="url" href="https://www.sp.k12.tr/fr/byod-bring-your-own-device-reponses-aux-questions-souvent-posees-faq/" target="_self"  class="edgtf-btn edgtf-btn-medium edgtf-btn-simple edgtf-blog-list-button" data-move="strict" data-text="en savoir +" >    <span class="edgtf-btn-text">en savoir +</span>    </a>	</div>
	        </div>
        </div>
	</div>
</li><li class="edgtf-bl-item edgtf-item-space blogLister">
	<div class="edgtf-bli-inner">
		
	<div class="edgtf-post-image">
					<a itemprop="url" href="https://www.sp.k12.tr/fr/reglement-dutilisation-des-ordinateurs-personnels/" title="Règlement d’utilisation des ordinateurs personnels">
					<img decoding="async" width="640" height="320" src="https://www.sp.k12.tr/wp-content/uploads/2020/01/c6b3d46af7874c83e1d68960bc50d4.jpg" class="attachment-full size-full wp-post-image" alt="" srcset="https://www.sp.k12.tr/wp-content/uploads/2020/01/c6b3d46af7874c83e1d68960bc50d4.jpg 640w, https://www.sp.k12.tr/wp-content/uploads/2020/01/c6b3d46af7874c83e1d68960bc50d4-300x150.jpg 300w" sizes="(max-width: 640px) 100vw, 640px" />					</a>
					</div>
        <div class="edgtf-bli-content">
                            <div class="edgtf-bli-info">
	                <div itemprop="dateCreated" class="edgtf-post-info-date entry-date published updated">
            <a itemprop="url" href="https://www.sp.k12.tr/fr/2019/11/">
    
        8 novembre 2019        </a>
    <meta itemprop="interactionCount" content="UserComments: 0"/>
</div>                </div>
            	
	        
<h4 itemprop="name" class="entry-title edgtf-post-title" >
            <a itemprop="url" href="https://www.sp.k12.tr/fr/reglement-dutilisation-des-ordinateurs-personnels/" title="Règlement d’utilisation des ordinateurs personnels">
            Règlement d’utilisation des ordinateurs personnels            </a>
    </h4>	
	        <div class="edgtf-bli-excerpt">
		        Voici le règlement d’utilisation des ordinateurs du programme "Bring Your Own Device" (BYOD).		        	<div class="edgtf-post-read-more-button">
		<a itemprop="url" href="https://www.sp.k12.tr/fr/reglement-dutilisation-des-ordinateurs-personnels/" target="_self"  class="edgtf-btn edgtf-btn-medium edgtf-btn-simple edgtf-blog-list-button" data-move="strict" data-text="en savoir +" >    <span class="edgtf-btn-text">en savoir +</span>    </a>	</div>
	        </div>
        </div>
	</div>
</li><li class="edgtf-bl-item edgtf-item-space blogLister">
	<div class="edgtf-bli-inner">
		
	<div class="edgtf-post-image">
					<a itemprop="url" href="https://www.sp.k12.tr/fr/charte-dutilisation-des-outils-numeriques/" title="Charte d’utilisation des outils numériques">
					<img decoding="async" width="640" height="320" src="https://www.sp.k12.tr/wp-content/uploads/2020/01/d9bfbccb6eeeac5da1caebe5582279.jpg" class="attachment-full size-full wp-post-image" alt="" srcset="https://www.sp.k12.tr/wp-content/uploads/2020/01/d9bfbccb6eeeac5da1caebe5582279.jpg 640w, https://www.sp.k12.tr/wp-content/uploads/2020/01/d9bfbccb6eeeac5da1caebe5582279-300x150.jpg 300w" sizes="(max-width: 640px) 100vw, 640px" />					</a>
					</div>
        <div class="edgtf-bli-content">
                            <div class="edgtf-bli-info">
	                <div itemprop="dateCreated" class="edgtf-post-info-date entry-date published updated">
            <a itemprop="url" href="https://www.sp.k12.tr/fr/2019/11/">
    
        8 novembre 2019        </a>
    <meta itemprop="interactionCount" content="UserComments: 0"/>
</div>                </div>
            	
	        
<h4 itemprop="name" class="entry-title edgtf-post-title" >
            <a itemprop="url" href="https://www.sp.k12.tr/fr/charte-dutilisation-des-outils-numeriques/" title="Charte d’utilisation des outils numériques">
            Charte d’utilisation des outils numériques            </a>
    </h4>	
	        <div class="edgtf-bli-excerpt">
		        Afin de pouvoir accéder à notre réseau informatique, l’ensemble de la communauté éducative du lycée (direction, professeurs, personnel administratif, élèves) doit signer une charte. Voici la charte pour les élèves.		        	<div class="edgtf-post-read-more-button">
		<a itemprop="url" href="https://www.sp.k12.tr/fr/charte-dutilisation-des-outils-numeriques/" target="_self"  class="edgtf-btn edgtf-btn-medium edgtf-btn-simple edgtf-blog-list-button" data-move="strict" data-text="en savoir +" >    <span class="edgtf-btn-text">en savoir +</span>    </a>	</div>
	        </div>
        </div>
	</div>
</li><li class="edgtf-bl-item edgtf-item-space blogLister">
	<div class="edgtf-bli-inner">
		
	<div class="edgtf-post-image">
					<a itemprop="url" href="https://www.sp.k12.tr/fr/utilisation-de-lordinateur-dinternet-et-des-medias-sociaux-en-toute-securite/" title="Utilisation de l’ordinateur, d’internet et des médias sociaux en toute sécurité">
					<img loading="lazy" decoding="async" width="640" height="320" src="https://www.sp.k12.tr/wp-content/uploads/2020/01/9a7ff0184c1c76fbe41be73ffe9fba.jpg" class="attachment-full size-full wp-post-image" alt="" srcset="https://www.sp.k12.tr/wp-content/uploads/2020/01/9a7ff0184c1c76fbe41be73ffe9fba.jpg 640w, https://www.sp.k12.tr/wp-content/uploads/2020/01/9a7ff0184c1c76fbe41be73ffe9fba-300x150.jpg 300w" sizes="(max-width: 640px) 100vw, 640px" />					</a>
					</div>
        <div class="edgtf-bli-content">
                            <div class="edgtf-bli-info">
	                <div itemprop="dateCreated" class="edgtf-post-info-date entry-date published updated">
            <a itemprop="url" href="https://www.sp.k12.tr/fr/2019/11/">
    
        8 novembre 2019        </a>
    <meta itemprop="interactionCount" content="UserComments: 0"/>
</div>                </div>
            	
	        
<h4 itemprop="name" class="entry-title edgtf-post-title" >
            <a itemprop="url" href="https://www.sp.k12.tr/fr/utilisation-de-lordinateur-dinternet-et-des-medias-sociaux-en-toute-securite/" title="Utilisation de l’ordinateur, d’internet et des médias sociaux en toute sécurité">
            Utilisation de l’ordinateur, d’internet et des médias sociaux en toute sécurité            </a>
    </h4>	
	        <div class="edgtf-bli-excerpt">
		        Le service d’orientation et de psychologie du Lycée Sainte Pulchérie s’est penché sur l’utilisation sécurisé d’Internet et des médias sociaux. En effet, leur utilisation a complètement changé nos vies et continue de les changer. De nos jours, aucun domaine n’échappe à Internet.		        	<div class="edgtf-post-read-more-button">
		<a itemprop="url" href="https://www.sp.k12.tr/fr/utilisation-de-lordinateur-dinternet-et-des-medias-sociaux-en-toute-securite/" target="_self"  class="edgtf-btn edgtf-btn-medium edgtf-btn-simple edgtf-blog-list-button" data-move="strict" data-text="en savoir +" >    <span class="edgtf-btn-text">en savoir +</span>    </a>	</div>
	        </div>
        </div>
	</div>
</li>		</ul>
	</div>
	</div>[/vc_column][/vc_row]</p>
